base 8, what is 43755 + 46631?
112606
In base 16, what is 4 + -2005284?
-2005280
In base 13, what is 12a1 - -b327?
c5c8
In base 12, what is 37147 - -71?
371b8
In base 5, what is 22041 + -12442332?
-12420241
In base 13, what is 1665698 + 2?
166569a
In base 8, what is 125364546 - 23?
125364523
In base 10, what is 230559 + -31?
230528
In base 16, what is -5cd + 11e62?
11895
In base 2, what is 100 - 10000010010110010001000000?
-10000010010110010000111100
In base 2, what is 10000011110110 + -1100101011100?
11110011010
In base 9, what is -6186588 + 14?
-6186574
In base 5, what is -113141110 - 4040?
-113200200
In base 3, what is 2100010122 - -211?
2100011110
In base 4, what is 1320 - -2030312303?
2030320223
In base 16, what is -701fa7 + -12?
-701fb9
In base 10, what is 1142678 - 20?
1142658
In base 16, what is -58721 + 5?
-5871c
In base 16, what is 3 - 1366aed?
-1366aea
In base 5, what is 33 - 30232101123?
-30232101040
In base 4, what is 12 - -230213022101?
230213022113
In base 16, what is 628 + -11afb?
-114d3
In base 3, what is 20200 - 222001221?
-221211021
In base 15, what is 41c - -3305?
3722
In base 11, what is -a5 - -3a3527?
3a3432
In base 16, what is -4ca + -1509e?
-15568
In base 9, what is 5333265 - 0?
5333265
In base 12, what is 1 - -8339a1b3?
8339a1b4
In base 8, what is -15 - -1115037?
1115022
In base 15, what is -4 + -8c3695?
-8c3699
In base 6, what is 1 - -14232523?
14232524
In base 16, what is -1f8 - -7632?
743a
In base 13, what is -4566 - c41?
-54a7
In base 15, what is -20792ea + d?
-20792dc
In base 5, what is 2334344112 + 20?
2334344132
In base 7, what is 2603 + -141333?
-135430
In base 14, what is 1a9b + -2429?
-76c
In base 9, what is -306075 + 17?
-306057
In base 15, what is -ba01 + 258?
-b798
In base 5, what is -3113223101 + -112?
-3113223213
In base 11, what is 8 + -15284a29?
-15284a21
In base 3, what is 121202020122121 - -221?
121202020200112
In base 5, what is 2032010011 + -33?
2032004423
In base 14, what is -7c11 + 59?
-7b96
In base 5, what is 102 + -412340330?
-412340223
In base 7, what is 3512 + -2653?
526
In base 12, what is -3629 - -2478?
-1171
In base 10, what is -5 - -139570?
139565
In base 10, what is -125887 - 30?
-125917
In base 3, what is 10 + -20220001000100?
-20220001000020
In base 10, what is 12125 + 5683?
17808
In base 2, what is 10001001011100000001111 - 100100?
10001001011011111101011
In base 3, what is -1102 + -212100212?
-212102021
In base 6, what is -10425504 - 34?
-10425542
In base 6, what is 3 - 140000350?
-140000343
In base 13, what is a84 - -277?
102b
In base 9, what is -545236382 - 4?
-545236386
In base 10, what is 132 - -33801?
33933
In base 6, what is 11231455 - 2130?
11225325
In base 7, what is 1402 + -11202632?
-11201230
In base 14, what is -145 - -54514?
543ad
In base 7, what is 2545 - 1251310?
-1245432
In base 13, what is -119c9803 - 4?
-119c9807
In base 15, what is -34 + 23b33?
23aee
In base 12, what is -2 + -3820224?
-3820226
In base 15, what is -5c020a52 + 0?
-5c020a52
In base 7, what is 3 - -246254652?
246254655
In base 16, what is -4 - e624993?
-e624997
In base 11, what is -49 + -36709?
-36757
In base 13, what is 4 - 5490579?
-5490575
In base 10, what is -654 - -79664?
79010
In base 6, what is 12042340 + -203?
12042133
In base 11, what is -49 - -2977549?
2977500
In base 10, what is 1 - -3051249?
3051250
In base 7, what is 56110501402 + -2?
56110501400
In base 4, what is 10030302 + 123202?
10220110
In base 16, what is -339 - 19d6b?
-1a0a4
In base 4, what is 2 - -32230223132?
32230223200
In base 4, what is 12002021320 + 1200?
12002023120
In base 7, what is 40113 + 414412?
454525
In base 5, what is 1111244 - 312143?
244101
In base 13, what is -1023b - -561?
-c9aa
In base 15, what is a3 + 20ce91?
20d044
In base 10, what is 4 + 2214443?
2214447
In base 5, what is -314300114103 - -10?
-314300114043
In base 4, what is 11 - 1131311321121?
-1131311321110
In base 2, what is -10001001011100110 - -111010?
-10001001010101100
In base 9, what is -66 - 860075?
-860152
In base 13, what is -584 - -11c54?
116a0
In base 4, what is 130110111 - 0?
130110111
In base 3, what is 2111 - 22022101?
-22012220
In base 9, what is -25015030 + 7?
-25015022
In base 12, what is 171856 + -56?
171800
In base 9, what is -1177210472 - 4?
-1177210476
In base 7, what is 5 - -3016201551?
3016201556
In base 4, what is -30301300023023 + -10?
-30301300023033
In base 5, what is -242 - -144122301?
144122004
In base 11, what is 293405 + 177?
293581
In base 14, what is 156c46 + 39?
156c81
In base 13, what is -6 + -3c2289?
-3c2292
In base 7, what is 4 - 50323120?
-50323113
In base 7, what is -221005 + 3052?
-214623
In base 16, what is -2b3 + -19efc?
-1a1af
In base 13, what is 7a88 + 1a5a2?
2535a
In base 14, what is 1b3a - 282db?
-265a1
In base 9, what is 106288 - -108?
106407
In base 3, what is -102202012 - -10121022?
-22010220
In base 6, what is 10 - 2212002?
-2211552
In base 9, what is 638 + -246485?
-245746
In base 9, what is -15185433 - -4?
-15185428
In base 10, what is 1806 - -52257?
54063
In base 9, what is 2 - -637246254?
637246256
In base 11, what is 14325 + -5218?
a108
In base 10, what is 25263085 + 11?
25263096
In base 2, what is 1010011010110000011011 + -101?
1010011010110000010110
In base 14, what is 5205 + 275d?
7964
In base 10, what is -5131777 - -4?
-5131773
In base 15, what is 3d3e5 + 15?
3d40a
In base 7, what is -3515 - -1526424?
1522606
In base 13, what is 1622290b - -4?
16222912
In base 8, what is -100265 - 1020?
-101305
In base 10, what is -175954 + 321?
-175633
In base 5, what is -33 - -23322201?
23322113
In base 13, what is -5 - -10827283?
1082727b
In base 5, what is -100 - 10423244224?
-10423244324
In base 8, what is -16 + -107164?
-107202
In base 12, what is 466a0 - 1aa8?
447b4
In base 2, what is 0 + 10111111000000010?
10111111000000010
In base 12, what is -1169549b - 11?
-116954b0
In base 11, what is -50 - -221a24?
221984
In base 8, what is 2251517 + -36?
2251461
In base 10, what is 4 - 38355138?
-38355134
In base 4, what is 12033212320 + 13?
12033212333
In base 3, what is -10 - -122211200021210?
122211200021200
In base 8, what is 7 - 22613121?
-22613112
In base 12, what is 276 + -4b98b?
-4b715
In base 4, what is -210231232022 + -21?
-210231232103
In base 16, what is -ead0 - -737?
-e399
In base 12, what is 1 - -7227853?
7227854
In base 3, what is 201012 - -222020?
1200102
In base 7, what is -11 - 15021644?
-15021655
In base 11, what is -7065775 + -5?
-706577a
In base 7, what is -1 - -126463165?
126463164
In base 8, what is 244447 + 700?
245347
In base 2, what is 10101000111010100 - 11000010?
10101000100010010
In base 7, what is -42 - -512535?
512463
In base 14, what is 3 + -174b710?
-174b70b
In base 8, what is 2 + -1751262122?
-1751262120
In base 9, what is 7 - 16087452?
-16087444
In base 15, what is c40 - 2d87?
-2147
In base 7, what is 2620006 + 21?
2620030
In base 2, what is -1111000100110010110001 - 1000?
-1111000100110010111001
In base 4, what is -1000 + 103221022?
103220022
In base 5, what is 444233 - 121333?
322400
In base 13, what is -2ab + -10ac?
-138a
In base 6, what is 251205405 - 1?
251205404
In base 8, what is -1140 - 211174?
-212334
In base 3, what is 201 - 101201202112102?
-101201202111201
In base 16, what is 1f8a + 215d?
40e7
In base 6, what is -135452245 - -405?
-135451440
In base 15, what is -b6c2ec + -11?
-b6c30d
In base 11, what is -7357 + -5718?
-11a74
In base 16, what is 5890b + f?
5891a
In base 4, what is 11023 - -2321331333?
2322003022
In base 11, what is 8 - -1339917?
1339924
In base 7, what is -54063 - -162?
-53601
In base 10, what is -10121429 - -43?
-10121386
In base 4, what is -3210030 + 3033212?
-110212
In base 12, what is 4716bb - 1?
4716ba
In base 14, what is 183cacc - -5?
183cad3
In base 6, what is -1414132 + -2503?
-1421035
In base 13, what is a8270 - 2c7?
a7c76
In base 12, what is -203140a6 + 4?
-203140a2
In base 11, what is 601 - -a71?
1572
In base 3, what is 1122 + 11020120221?
11020122120
In base 6, what is -244 - -25144012?
25143324
In base 12, what is -925367 + 8?
-92535b
In base 7, what is 3411 + 421435?
425146
In base 5, what is 10 + 10410200201?
10410200211
In base 7, what is 20232600 + -1641?
20230626
In base 4, what is 1212 + -10132003?
-10130131
In base 7, what is 241461